g(k) = 3*r(k) - 7*t(k). List the prime factors of g(-3).
2, 3, 5
Let q be 5/(-3) - (-3)/(-9). Let w be 2/((-5)/((-25)/q)). What are the prime factors of (-2)/w + 33/5?
7
Let t(s) = -s**2 + 2*s + 6. Let d be t(-5). Let n = d - -47. List the prime factors of n.
2, 3
Let j(f) = 8*f + 2. Let o(z) = -7*z - 1. Let p(y) = 6*j(y) + 7*o(y). List the prime factors of p(-5).
2, 5
Suppose -k = -12 + 1. Let x be (1 + -5)/((-2)/2). Suppose 2*o - 3 = x*g + 19, -5*o = g - k. List the prime factors of o.
3
List the prime factors of 7/14 + (-525)/(-2).
263
Let q(t) = -2*t**2 + 5*t + 1. Let j be q(4). Let b(w) = w**2 - 9*w + 1. Let r be b(6). Let l = j - r. What are the prime factors of l?
2, 3
Let n = 58 + -25. List the prime factors of n.
3, 11
Let d(l) = -l**3 + 8*l**2 - 6*l - 4. Let q be d(7). Suppose 0 = 3*o - q - 0. Let p = 2 + o. What are the prime factors of p?
3
Let f = 50 + -28. Let w = f - -8. List the prime factors of w.
2, 3, 5
Suppose 9 = 4*y + 1. Suppose 3*o + 7 = -y. Let m(d) = d**2 - d - 3. List the prime factors of m(o).
3
Suppose 2*w - 9 - 29 = 0. What are the prime factors of w?
19
Suppose -5*i = -2*a - 73 + 8, -4*i + 2*a + 52 = 0. What are the prime factors of 0 + -1 - i/(-1)?
2, 3
Let a be 3*((-39)/9 - -3). Let q = a - -8. What are the prime factors of q?
2
Let n(j) = -j**3 - 6*j**2 + 5*j - 5. Let x be n(-7). Suppose -3*a + 51 = -x. What are the prime factors of a?
2, 5
Suppose -3*y - 1 = -2*t, 3*t - y = 6*t - 18. Let j = -70 - -46. List the prime factors of t*(j/(-15) + -1).
3
Suppose -o = -l - 3, 0 = 5*o + 4*l - 3*l - 9. Let x = o + 1. Suppose 2*s = -i + 5, 24 = 3*s - x*i + 3. What are the prime factors of s?
2
Suppose 3*v = -3*x + 15, 0 = -v + 2*x + 2*x - 10. Suppose -y + 10 = -57. Suppose -2 = v*o + 5*s - 5, 5*s = 3*o - y. What are the prime factors of o?
2, 7
Let a(d) = d**3 + 8*d**2 - d - 8. Let c be a(-8). Suppose r = -c + 2. What are the prime factors of r?
2
Suppose 2*j = 7 - 3. Suppose 4*y + 144 = 4*t, 3*t + j*y - 30 = 2*t. What are the prime factors of t?
2, 17
Let l(t) be the third derivative of -t**5/60 - 11*t**4/24 - 5*t**3/6 + 3*t**2. Let f be l(-10). List the prime factors of 1*(f - 3) - -5.
7
Suppose 0*x + 110 = 5*x. Suppose 4*o - 3*p + 34 = 0, 5*o - 4*p + 22 = -20. Let t = x + o. List the prime factors of t.
2, 3
Let p = 12 + 12. Let x be 2/6 + 28/6. Suppose 4*m - 4*z = p, -x - 3 = -m + 3*z. What are the prime factors of m?
5
Let x(f) = -f**3 + 2*f**2 + 3*f + 2. Let c be x(-2). List the prime factors of 255/c + 1/(-4).
3, 7
Let z(s) = s**3 - 6*s**2 - 5*s - 6. Let q = 28 - -1. Suppose 15 = 3*p + 2*f, 5*p + f - q = -f. What are the prime factors of z(p)?
2
Suppose 2*l = 2*p - 2 + 4, 20 = -5*l. Let y(r) = -8*r - 5. What are the prime factors of y(p)?
5, 7
Let m be 6/9 + 56/(-12). What are the prime factors of (-6 + 2 + 0)*m?
2
Let k(l) = -l**2 - 5*l - 3. Let i be k(-2). Let x = 2 + i. Suppose -5*a = -3*w - 3 + 14, x*a - 1 = -3*w. What are the prime factors of w?
2
Suppose -2*f - 3*a = 15, 8 = -f + a - 2. Let u = f + 26. List the prime factors of u.
17
What are the prime factors of (-1 + -1)/(10/(-290))?
2, 29
Let o(m) = 3*m**2 - 3*m + 3. What are the prime factors of o(-3)?
3, 13
Let l = -7 - -12. Suppose -l*i + 43 = 3*x, -2*i + 6*i + 4*x = 28. List the prime factors of i.
11
Suppose 950 = 5*i + 310. List the prime factors of i.
2
What are the prime factors of (39/2)/(3/4)?
2, 13
Let o(r) = -r**3 - 6*r**2 + 8*r + 1. Let x be o(-7). Let j be (-9)/x*(-12)/2. Let k(w) = w**2 + 7*w - 3. What are the prime factors of k(j)?
3, 5
Let h be (-27)/(-6)*(-4)/3. Let k = -3 + h. What are the prime factors of -2 + k/(-6)*6?
7
Let c(b) = -b**3 - 4*b**2 + 4*b - 5. Let o be c(-5). Suppose -r + 5 = -o*r. List the prime factors of r.
5
Suppose -5*d - 4*r = -4*d - 7, -3*r = -2*d + 69. List the prime factors of d.
3
Let s = 3 + 0. Let c be -1*(s + -1) + 4. Let h = c + 2. List the prime factors of h.
2
Suppose 4*h - 16 = 3*s, 0*h + 2*h - 3*s - 2 = 0. Let y be h - (-1 + 2 + -1). Suppose 0 = -0*u - u + y. List the prime factors of u.
7
Suppose 2*y - 3*a + 6 = 86, -3*y - a = -109. List the prime factors of y.
37
Let r(g) = -1 - 3*g - 8 + g + 1. Let f be -7*(-3 - -2)*-1. What are the prime factors of r(f)?
2, 3
Suppose 0*o = 7*o - 224. What are the prime factors of o?
2
Let f(r) = 11*r. Let i be f(3). Suppose 2*g + g - i = 0. List the prime factors of g.
11
Let v = -33 - -38. List the prime factors of v.
5
Let s be (3/4)/(13/(-52)). List the prime factors of 0 - (s - 0 - 23).
2, 13
Let r(i) = -7*i**3 - 5*i**2 + 9*i + 4. Let x(b) = b**3 - b - 1. Let o(t) = -r(t) - 6*x(t). What are the prime factors of o(-4)?
2, 3, 5
Let s(q) = -q - 2. Let d(c) = 4*c + 10. Let k(o) = -3*d(o) - 14*s(o). Let a be k(3). List the prime factors of (-7 + 2)*(a - 7).
3, 5
Let h = 10 + -8. List the prime factors of h.
2
Let t(m) = 14*m - 5. Let h be t(4). Suppose -5*d + 44 + h = 0. List the prime factors of d.
19
List the prime factors of 702/12 + (-1)/(-2).
59
Let d be 2/13 + 10/(-65). Suppose 3*y = -6, i + 4*i + 3*y - 124 = d. What are the prime factors of i?
2, 13
Let q(w) = -w**3 + 12*w**2 - 8*w - 5. Let i be q(11). Suppose 2*u = 6*u - i. List the prime factors of u.
7
Let q(o) = -2*o - 1. Let a(c) = -c - 9. Let l be a(-4). Let k be l/((2 - 4) + 3). List the prime factors of q(k).
3
Let m = -51 + 105. What are the prime factors of m?
2, 3
Let l = 46 - 33. Let t = 30 - l. List the prime factors of t.
17
Let v be 4/10 - (-204)/(-10). Let j = -14 - v. What are the prime factors of j?
2, 3
Suppose 0 = -4*a + 20, a + 4*a - 178 = 3*i. What are the prime factors of 1/(3 + 150/i)?
17
Suppose -5*l + 447 + 93 = 0. What are the prime factors of l?
2, 3
Let m be 4 - (1 - 0) - -10. Suppose -3*f - m + 46 = 0. What are the prime factors of f?
11
Let i be (-3 + 2)*(-1 - -1). Let g = 3 + i. Suppose -25 = -5*z, g*z = -c - 0*z + 23. List the prime factors of c.
2
Let h(t) = -3*t**3 - t**2 - 4*t - 4. What are the prime factors of h(-3)?
2, 5
Let o(f) = 7*f**3 - f**2 + 6*f - 1. List the prime factors of o(3).
197
Let k(p) be the first derivative of p**3/3 - p**2 - 5*p + 2. Let i be k(4). Suppose 4 = i*x - 8. What are the prime factors of x?
2
Let t(a) = a**3 + 7*a**2 + 19. List the prime factors of t(-6).
5, 11
Let l = -148 - -245. List the prime factors of l.
97
Let z = -2 - -40. List the prime factors of z.
2, 19
Let z = -96 + 142. Suppose 2*r - 3*i - 52 - z = 0, 2*r = 5*i + 90. What are the prime factors of r?
5, 11
Let d(b) = -8*b - b**3 - 8*b**2 + 5 + 1 + 0*b**3. Let u be (21/(-9))/(2/6). What are the prime factors of d(u)?
13
Let z be ((-78)/24)/(2/8). List the prime factors of (-3 + z)*18/(-8).
2, 3
Let m(q) = -7*q. Let b(d) = d - 5. Let t be b(0). Let j(n) = -n**3 - 5*n**2 - 1. Let k be j(t). What are the prime factors of m(k)?
7
Let l be (-16)/12*18/(-4). Let a be 129/15 + l/15. Suppose o + 2*o = a. What are the prime factors of o?
3
Let b be (1/(-3))/((-2)/60). Let f = b + -6. What are the prime factors of f?
2
Suppose -17 - 3 = -5*h. Let a(p) = 2*p + 3. Let y be a(3). Let u = y - h. What are the prime factors of u?
5
Let f(s) = -s - 9. Let p be f(-11). Let h be (3 - p)*3 - -3. List the prime factors of ((-144)/(-28))/(h/28).
2, 3
Let n be 2/1 - (-4 + 1). Suppose -c + 105 = 5*l + 4*c, 0 = -5*c + n. List the prime factors of l.
2, 5
Let f(v) = v**3 + 16*v**2 - 6*v + 20. What are the prime factors of f(-15)?
5, 67
Let b(j) = j**3 - j**2 + j + 13. What are the prime factors of b(0)?
13
Suppose 4 = -2*s + 4*s. Let o = -2 + s. What are the prime factors of 6 + (2 + o - 2)?
2, 3
Let l = -270 + 491. What are the prime factors of l?
13, 17
Let i = 1 - 1. Suppose 3*b - 5*h + 4 = -0*h, -4*b + 6 = -h. What are the prime factors of b - i/((-6)/2)?
2
Suppose 21 = 2*k + 1. List the prime factors of k.
2, 5
Let w(k) = k**2 - 6*k + 2. List the prime factors of w(8).
2, 3
Let j = 32 + -25. Let p be (-2)/4*2*3. Let d = j + p. List the prime factors of d.
2
Let o = -105 + 151. What are the prime factors of o?
2, 23
What are the prime factors of 8/(-40) - 232/(-10)?
23
Let b be 7/((-21)/(-114))*2. Suppose 0 = -5*p - 10, b = 4*i - 0*p - 4*p. What are the prime factors of i?
17
What are the prime factors of (-3)/(-3) + (-3)/(9/(-105))?
2, 3
Let c(t) = -2*t. Suppose 0 = 2*l - 0*l + 8. What are the prim